n 160 is divided by 159.
1
Calculate the remainder when 331 is divided by 177.
154
What is the remainder when 2669 is divided by 168?
149
What is the remainder when 8410 is divided by 255?
250
What is the remainder when 56 is divided by 19?
18
Calculate the remainder when 101 is divided by 100.
1
What is the remainder when 221 is divided by 56?
53
Calculate the remainder when 389 is divided by 23.
21
Calculate the remainder when 1922 is divided by 57.
41
What is the remainder when 821 is divided by 261?
38
What is the remainder when 463 is divided by 116?
115
What is the remainder when 776 is divided by 143?
61
Calculate the remainder when 227 is divided by 59.
50
Calculate the remainder when 413 is divided by 136.
5
What is the remainder when 195 is divided by 189?
6
Calculate the remainder when 1687 is divided by 36.
31
Calculate the remainder when 454 is divided by 24.
22
Calculate the remainder when 3498 is divided by 14.
12
Calculate the remainder when 337 is divided by 87.
76
Calculate the remainder when 308 is divided by 24.
20
Calculate the remainder when 302 is divided by 276.
26
What is the remainder when 237 is divided by 66?
39
What is the remainder when 7099 is divided by 145?
139
What is the remainder when 4915 is divided by 22?
9
Calculate the remainder when 83829 is divided by 24.
21
What is the remainder when 141 is divided by 18?
15
Calculate the remainder when 1783 is divided by 19.
16
What is the remainder when 488 is divided by 170?
148
Calculate the remainder when 42669 is divided by 42.
39
Calculate the remainder when 4047 is divided by 225.
222
Calculate the remainder when 9749 is divided by 26.
25
What is the remainder when 376 is divided by 27?
25
Calculate the remainder when 438 is divided by 88.
86
What is the remainder when 463 is divided by 80?
63
Calculate the remainder when 118 is divided by 53.
12
Calculate the remainder when 10374 is divided by 20.
14
Calculate the remainder when 462 is divided by 32.
14
Calculate the remainder when 803 is divided by 54.
47
Calculate the remainder when 308 is divided by 45.
38
Calculate the remainder when 355 is divided by 8.
3
What is the remainder when 3467 is divided by 1729?
9
What is the remainder when 701 is divided by 88?
85
Calculate the remainder when 777 is divided by 52.
49
Calculate the remainder when 49 is divided by 39.
10
Calculate the remainder when 814 is divided by 56.
30
What is the remainder when 57 is divided by 28?
1
Calculate the remainder when 4075 is divided by 54.
25
Calculate the remainder when 23 is divided by 8.
7
What is the remainder when 4320 is divided by 1437?
9
Calculate the remainder when 60 is divided by 22.
16
Calculate the remainder when 158 is divided by 54.
50
Calculate the remainder when 839 is divided by 84.
83
Calculate the remainder when 471 is divided by 124.
99
What is the remainder when 124 is divided by 62?
0
What is the remainder when 89 is divided by 16?
9
Calculate the remainder when 67 is divided by 25.
17
What is the remainder when 41 is divided by 22?
19
What is the remainder when 11672 is divided by 40?
32
What is the remainder when 1209 is divided by 34?
19
Calculate the remainder when 494 is divided by 173.
148
What is the remainder when 5368 is divided by 15?
13
Calculate the remainder when 133 is divided by 21.
7
Calculate the remainder when 498 is divided by 74.
54
Calculate the remainder when 702 is divided by 65.
52
What is the remainder when 7911 is divided by 23?
22
What is the remainder when 1422 is divided by 12?
6
What is the remainder when 20469 is divided by 46?
45
What is the remainder when 22718 is divided by 14?
10
What is the remainder when 1299 is divided by 25?
24
Calculate the remainder when 13 is divided by 3.
1
What is the remainder when 1630 is divided by 78?
70
What is the remainder when 134 is divided by 34?
32
What is the remainder when 1430 is divided by 179?
177
Calculate the remainder when 213 is divided by 18.
15
Calculate the remainder when 84 is divided by 36.
12
Calculate the remainder when 367 is divided by 46.
45
Calculate the remainder when 677 is divided by 224.
5
What is the remainder when 27 is divided by 24?
3
Calculate the remainder when 91 is divided by 35.
21
What is the remainder when 1049 is divided by 31?
26
Calculate the remainder when 1059 is divided by 20.
19
What is the remainder when 309 is divided by 31?
30
What is the remainder when 515 is divided by 40?
35
Calculate the remainder when 3032 is divided by 203.
190
Calculate the remainder when 1489 is divided by 147.
19
Calculate the remainder when 178 is divided by 2.
0
What is the remainder when 492 is divided by 60?
12
Calculate the remainder when 181 is divided by 91.
90
What is the remainder when 1056 is divided by 52?
16
What is the remainder when 156 is divided by 40?
36
What is the remainder when 1368 is divided by 667?
34
What is the remainder when 483 is divided by 90?
33
Calculate the remainder when 21413 is divided by 166.
165
Calculate the remainder when 997 is divided by 248.
5
What is the remainder when 1169 is divided by 90?
89
Calculate the remainder when 544 is divided by 6.
4
Calculate the remainder when 302 is divided by 100.
2
Calculate the remainder when 955 is divided by 12.
7
Calculate the remainder when 405 is divided by 69.
60
What is the remainder when 86 is divided by 30?
26
What is the remainder when 721 is divided by 102?
7
What is the remainder when 220 is divided by 188?
32
Calculate the remainder when 92 is divided by 67.
25
Calculate the remainder when 5756 is divided by 101.
100
Calculate the remainder when 1808 is divided by 42.
2
Calculate the remainder when 273 is divided by 31.
25
Calculate the remainder when 65 is divided by 23.
19
Calculate the remainder when 112 is divided by 39.
34
What is the remainder when 704 is divided by 5?
4
Calculate the remainder when 2358 is divided by 105.
48
Calculate the remainder when 1406 is divided by 67.
66
What is the remainder when 515 is divided by 130?
125
What is the remainder when 112 is divided by 53?
6
What is the remainder when 1259 is divided by 90?
89
What is the remainder when 898 is divided by 12?
10
What is the remainder when 15704 is divided by 238?
234
Calculate the remainder when 103 is divided by 18.
13
Calculate the remainder when 1772 is divided by 74.
70
Calculate the remainder when 179 is divided by 107.
72
What is the remainder when 436 is divided by 63?
58
Calculate the remainder when 642 is divided by 54.
48
What is the remainder when 112 is divided by 15?
7
Calculate the remainder when 2285 is divided by 153.
143
Calculate the remainder when 66 is divided by 26.
14
Calculate the remainder when 40 is divided by 4.
0
Calculate the remainder when 432 is divided by 46.
18
What is the remainder when 55 is divided by 21?
13
Calculate the remainder when 8596 is divided by 34.
28
What is the remainder when 4083 is divided by 215?
213
Calculate the remainder when 205 is divided by 26.
23
What is the remainder when 11813 is divided by 39?
35
Calculate the remainder when 1193 is divided by 221.
88
Calculate the remainder when 4786 is divided by 63.
61
What is the remainder when 281 is divided by 145?
136
What is the remainder when 1646 is divided by 50?
46
Calculate the remainder when 520 is divided by 174.
172
Calculate the remainder when 953 is divided by 53.
52
What is the remainder when 131 is divided by 72?
59
Calculate the remainder when 1203 is divided by 138.
99
Calculate the remainder when 127 is divided by 45.
37
Calculate the remainder when 353 is divided by 71.
69
What is the remainder when 88 is divided by 13?
10
Calculate the remainder when 33 is divided by 9.
6
Calculate the remainder when 648 is divided by 82.
74
Calculate the remainder when 998 is divided by 111.
110
Calculate the remainder when 46 is divided by 27.
19
What is the remainder when 596 is divided by 75?
71
Calculate the remainder when 117 is divided by 33.
18
Calculate the remainder when 103 is divided by 52.
51
Calculate the remainder when 15475 is divided by 33.
31
What is the remainder when 14 is divided by 1?
0
What is the remainder when 479 is divided by 20?
19
Calculate the remainder when 1053 is divided by 1.
0
What is the remainder when 8